{"id":275,"date":"2024-03-22T15:33:51","date_gmt":"2024-03-22T14:33:51","guid":{"rendered":"https:\/\/kamenica-musica.de\/?page_id=275"},"modified":"2025-01-17T17:10:39","modified_gmt":"2025-01-17T16:10:39","slug":"faq","status":"publish","type":"page","link":"https:\/\/kamenica-musica.de\/index.php\/faq\/","title":{"rendered":"FAQ &#8211; Das wichtigste \u00fcber das Projekt Kamenica Musica zusammengefasst"},"content":{"rendered":"\n<h2 class=\"wp-block-heading\">Was bedeutet eigentlich \u201cKamenica Musica\u201d?<\/h2>\n\n\n\n<p><em>Musica<\/em> steht nat\u00fcrlich f\u00fcr die Musik, um die sich alles dreht. <em>Kamenica<\/em> ist abgeleitet<br>vom ersten von vielen Namen der Stadt Chemnitz: Kameniz. Das wiederum kommt vom<br>sorbischen <em>kamjenica<\/em>, welches \u201cSteinbach\u201d bedeutet. Das passt perfekt, da dieses<br>Projekt am Fluss entstehen soll und Bezug auf die Chemnitzer Geschichte nimmt.<\/p>\n\n\n\n<h2 class=\"wp-block-heading\">Was ist das Ziel des Projekts?<\/h2>\n\n\n\n<p>Ziel von Kamenica Musica ist es, Musik erlebbar zu machen &#8211; au\u00dferhalb von<br>Konzerth\u00e4usern und Musikschulen, sondern drau\u00dfen in der Natur. Verschiedene<br>Stationen mit Infotafeln und abspielbaren Musikst\u00fccken sollen Chemnitzer<br>Musikgeschichte(n) sichtbar und h\u00f6rbar machen (frei nach dem Kulturhauptstadtmotto<br>\u201cC the unseen\u201d). Die genutzten St\u00fccke sollen in Zusammenarbeit mit unterschiedlichen<br>Musizierenden aus Chemnitz und seinen Partnerst\u00e4dten in den Nachbarl\u00e4ndern Polen<br>und Tschechien aufgenommen werden, um durch die Musik auch internationale<br>Beziehungen zu st\u00e4rken.<\/p>\n\n\n\n<h2 class=\"wp-block-heading\">Wo soll das Projekt entstehen?<\/h2>\n\n\n\n<p>Die Stationen sollen mitten in Chemnitz am Rad- und Wanderweg entlang der Chemnitz<br>in Altchemnitz entstehen &#8211; nahe am Fluss und in der Natur. Begonnen am<br>Zusammenfluss von Zw\u00f6nitz und W\u00fcrschnitz, vorbei an der Interventionsfl\u00e4che<br>\u201cFlussbad Altchemnitz\u201d und dem Europark mit dem zuk\u00fcnftigen internationalem<br>Tanzzentrum, durch den Stadtpark bis zum Weltecho und zum Falkeplatz.<\/p>\n\n\n\n<h2 class=\"wp-block-heading\">Was ist dar\u00fcber hinaus noch m\u00f6glich?<\/h2>\n\n\n\n<p>Im Zeichen der Skalierbarkeit haben wir uns erlaubt, auch gr\u00f6\u00dfer zu denken: Nach der<br>Umsetzung der Kernstationen am geplanten Standort k\u00f6nnen in Zukunft noch weitere<br>Stationen entlang der Chemnitz oder an anderen Stellen in der Stadt und ihrer<br>Umgebung entstehen &#8211; oder sogar in den Partnerst\u00e4dten in Europa!<br>Neben Stationen mit verbauten Lautsprechern ist an Orten ohne Stromanbindung auch<br>die Nutzung von QR-Codes denkbar, um die Musik dar\u00fcber abspielen zu k\u00f6nnen.<\/p>\n\n\n\n<h2 class=\"wp-block-heading\">Wer steht hinter Kamenica Musica?<\/h2>\n\n\n\n<p>Eine Gruppe ganz verschiedener Menschen, die Lust haben, in Chemnitz etwas<br>Neues und Sch\u00f6nes zu schaffen. Manche haben Bezug zur Musik, manche zu Kultur,<br>manche zu beidem und manche sind noch ganz neu in beiden Bereichen. Wir suchen<br>weitere Engagierte, also melde dich gern bei uns!<\/p>\n\n\n\n<h2 class=\"wp-block-heading\">Wie kann ich mitmachen?<\/h2>\n\n\n\n<p>Schreib uns einfach \u00fcber <a href=\"mailto:info@kamnica-musica.de\">info[at]kamnica-musica.de<\/a> oder <a href=\"tel:+4915566043541\">+49 155 66043541<\/a> oder<br>an unseren Instagram-Account <a href=\"https:\/\/www.instagram.com\/kamenica_musica\/\" target=\"_blank\" rel=\"noreferrer noopener\">@kamenica_musica<\/a>. Wir freuen uns \u00fcber jede:n, der diese<br>Idee mit uns umsetzen m\u00f6chte.<\/p>\n","protected":false},"excerpt":{"rendered":"<p>Was bedeutet eigentlich \u201cKamenica Musica\u201d? Musica steht nat\u00fcrlich f\u00fcr die Musik, um die sich alles dreht. Kamenica ist abgeleitetvom ersten von vielen Namen der Stadt Chemnitz: Kameniz. Das wiederum kommt [&#8230;] <\/p>\n<p class=\"more-link-container\"><a href=\"https:\/\/kamenica-musica.de\/index.php\/faq\/\" class=\"more-link\">Read More<span class=\"screen-reader-text\"> &#8222;FAQ &#8211; Das wichtigste \u00fcber das Projekt Kamenica Musica zusammengefasst&#8220;<\/span><\/a><\/p>\n","protected":false},"author":8,"featured_media":0,"parent":0,"menu_order":0,"comment_status":"closed","ping_status":"closed","template":"","meta":{"_price":"","_stock":"","_tribe_ticket_header":"","_tribe_default_ticket_provider":"","_tribe_ticket_capacity":"0","_ticket_start_date":"","_ticket_end_date":"","_tribe_ticket_show_description":"","_tribe_ticket_show_not_going":false,"_tribe_ticket_use_global_stock":"","_tribe_ticket_global_stock_level":"","_global_stock_mode":"","_global_stock_cap":"","_tribe_rsvp_for_event":"","_tribe_ticket_going_count":"","_tribe_ticket_not_going_count":"","_tribe_tickets_list":"[]","_tribe_ticket_has_attendee_info_fields":false,"footnotes":"","_tec_slr_enabled":"","_tec_slr_layout":""},"class_list":["post-275","page","type-page","status-publish","hentry"],"ticketed":false,"_links":{"self":[{"href":"https:\/\/kamenica-musica.de\/index.php\/wp-json\/wp\/v2\/pages\/275","targetHints":{"allow":["GET"]}}],"collection":[{"href":"https:\/\/kamenica-musica.de\/index.php\/wp-json\/wp\/v2\/pages"}],"about":[{"href":"https:\/\/kamenica-musica.de\/index.php\/wp-json\/wp\/v2\/types\/page"}],"author":[{"embeddable":true,"href":"https:\/\/kamenica-musica.de\/index.php\/wp-json\/wp\/v2\/users\/8"}],"replies":[{"embeddable":true,"href":"https:\/\/kamenica-musica.de\/index.php\/wp-json\/wp\/v2\/comments?post=275"}],"version-history":[{"count":6,"href":"https:\/\/kamenica-musica.de\/index.php\/wp-json\/wp\/v2\/pages\/275\/revisions"}],"predecessor-version":[{"id":305,"href":"https:\/\/kamenica-musica.de\/index.php\/wp-json\/wp\/v2\/pages\/275\/revisions\/305"}],"wp:attachment":[{"href":"https:\/\/kamenica-musica.de\/index.php\/wp-json\/wp\/v2\/media?parent=275"}],"curies":[{"name":"wp","href":"https:\/\/api.w.org\/{rel}","templated":true}]}}

FAQ &#8211; Das wichtigste über das Projekt Kamenica Musica zusammengefasst

<h2 class="wp-block-heading">Was bedeutet eigentlich “Kamenica Musica”?</h2>



<p><em>Musica</em> steht natürlich für die Musik, um die sich alles dreht. <em>Kamenica</em> ist abgeleitet<br>vom ersten von vielen Namen der Stadt Chemnitz: Kameniz. Das wiederum kommt vom<br>sorbischen <em>kamjenica</em>, welches “Steinbach” bedeutet. Das passt perfekt, da dieses<br>Projekt am Fluss entstehen soll und Bezug auf die Chemnitzer Geschichte nimmt.</p>



<h2 class="wp-block-heading">Was ist das Ziel des Projekts?</h2>



<p>Ziel von Kamenica Musica ist es, Musik erlebbar zu machen &#8211; außerhalb von<br>Konzerthäusern und Musikschulen, sondern draußen in der Natur. Verschiedene<br>Stationen mit Infotafeln und abspielbaren Musikstücken sollen Chemnitzer<br>Musikgeschichte(n) sichtbar und hörbar machen (frei nach dem Kulturhauptstadtmotto<br>“C the unseen”). Die genutzten Stücke sollen in Zusammenarbeit mit unterschiedlichen<br>Musizierenden aus Chemnitz und seinen Partnerstädten in den Nachbarländern Polen<br>und Tschechien aufgenommen werden, um durch die Musik auch internationale<br>Beziehungen zu stärken.</p>



<h2 class="wp-block-heading">Wo soll das Projekt entstehen?</h2>



<p>Die Stationen sollen mitten in Chemnitz am Rad- und Wanderweg entlang der Chemnitz<br>in Altchemnitz entstehen &#8211; nahe am Fluss und in der Natur. Begonnen am<br>Zusammenfluss von Zwönitz und Würschnitz, vorbei an der Interventionsfläche<br>“Flussbad Altchemnitz” und dem Europark mit dem zukünftigen internationalem<br>Tanzzentrum, durch den Stadtpark bis zum Weltecho und zum Falkeplatz.</p>



<h2 class="wp-block-heading">Was ist darüber hinaus noch möglich?</h2>



<p>Im Zeichen der Skalierbarkeit haben wir uns erlaubt, auch größer zu denken: Nach der<br>Umsetzung der Kernstationen am geplanten Standort können in Zukunft noch weitere<br>Stationen entlang der Chemnitz oder an anderen Stellen in der Stadt und ihrer<br>Umgebung entstehen &#8211; oder sogar in den Partnerstädten in Europa!<br>Neben Stationen mit verbauten Lautsprechern ist an Orten ohne Stromanbindung auch<br>die Nutzung von QR-Codes denkbar, um die Musik darüber abspielen zu können.</p>



<h2 class="wp-block-heading">Wer steht hinter Kamenica Musica?</h2>



<p>Eine Gruppe ganz verschiedener Menschen, die Lust haben, in Chemnitz etwas<br>Neues und Schönes zu schaffen. Manche haben Bezug zur Musik, manche zu Kultur,<br>manche zu beidem und manche sind noch ganz neu in beiden Bereichen. Wir suchen<br>weitere Engagierte, also melde dich gern bei uns!</p>



<h2 class="wp-block-heading">Wie kann ich mitmachen?</h2>



<p>Schreib uns einfach über <a href="mailto:info@kamnica-musica.de">info[at]kamnica-musica.de</a> oder <a href="tel:+4915566043541">+49 155 66043541</a> oder<br>an unseren Instagram-Account <a href="https://www.instagram.com/kamenica_musica/" target="_blank" rel="noreferrer noopener">@kamenica_musica</a>. Wir freuen uns über jede:n, der diese<br>Idee mit uns umsetzen möchte.</p>

<p>Was bedeutet eigentlich “Kamenica Musica”? Musica steht natürlich für die Musik, um die sich alles dreht. Kamenica ist abgeleitetvom ersten von vielen Namen der Stadt Chemnitz: Kameniz. Das wiederum kommt [&#8230;] </p>
<p class="more-link-container"><a href="https://kamenica-musica.de/index.php/faq/" class="more-link">Read More<span class="screen-reader-text"> &#8222;FAQ &#8211; Das wichtigste über das Projekt Kamenica Musica zusammengefasst&#8220;</span></a></p>
