{"id":314,"date":"2024-04-12T21:55:37","date_gmt":"2024-04-12T19:55:37","guid":{"rendered":"https:\/\/kamenica-musica.de\/?page_id=314"},"modified":"2025-01-18T11:29:36","modified_gmt":"2025-01-18T10:29:36","slug":"projektbeschreibung","status":"publish","type":"page","link":"https:\/\/kamenica-musica.de\/index.php\/projektbeschreibung\/","title":{"rendered":"Projektbeschreibung"},"content":{"rendered":"\n<p>Bei einem Spaziergang entlang der Chemnitz lokale Musikgeschichte(n) kennenlernen &#8211; geht nicht? Noch nicht! Das Projekt Kamenica Musica m\u00f6chte genau das erm\u00f6glichen. In Zusammenarbeit mit Musizierenden aus der Kulturhauptstadtregion und seinen Partnerst\u00e4dten in Europa sollen im \u00f6ffentlichen Raum Stationen entstehen, die Musik h\u00f6rbar und erlebbar machen &#8211; niedrigschwellig und informativ.<\/p>\n\n\n\n<div class=\"wp-block-media-text is-stacked-on-mobile\" style=\"grid-template-columns:30% auto\"><figure class=\"wp-block-media-text__media\"><img loading=\"lazy\" decoding=\"async\" width=\"707\" height=\"1024\" src=\"https:\/\/kamenica-musica.de\/wp-content\/uploads\/2025\/01\/IMG_20240413_142625307_-707x1024.jpg\" alt=\"\" class=\"wp-image-542 size-full\" srcset=\"https:\/\/kamenica-musica.de\/wp-content\/uploads\/2025\/01\/IMG_20240413_142625307_-707x1024.jpg 707w, https:\/\/kamenica-musica.de\/wp-content\/uploads\/2025\/01\/IMG_20240413_142625307_-207x300.jpg 207w, https:\/\/kamenica-musica.de\/wp-content\/uploads\/2025\/01\/IMG_20240413_142625307_-768x1113.jpg 768w, https:\/\/kamenica-musica.de\/wp-content\/uploads\/2025\/01\/IMG_20240413_142625307_-1060x1536.jpg 1060w, https:\/\/kamenica-musica.de\/wp-content\/uploads\/2025\/01\/IMG_20240413_142625307_-1413x2048.jpg 1413w, https:\/\/kamenica-musica.de\/wp-content\/uploads\/2025\/01\/IMG_20240413_142625307_.jpg 1689w\" sizes=\"auto, (max-width: 707px) 100vw, 707px\" \/><\/figure><div class=\"wp-block-media-text__content\">\n<p><em>Der Grund:<\/em> Musik ist in der \u00d6ffentlichkeit nur selten zu h\u00f6ren &#8211; dabei ist sie im st\u00e4dtischen Raum allgegenw\u00e4rtig. Vieles, was Musikgruppen oder Einzelpersonen in der eigenen Umgebung produzieren, findet jedoch f\u00fcr Au\u00dfenstehende unzug\u00e4nglich hinter geschlossenen T\u00fcren oder gegen Eintritt statt. Diese Musizierenden und ihre Werke soll das Projekt Kamenica Musica sichtbar machen &#8211; ganz nach dem Chemnitzer Kulturhauptstadtmotto \u201cC the unseen\u201d. Denn: Nicht nur auf dem Broadway und in der Elbphilharmonie, sondern genau hier spielt die Musik!<\/p>\n<\/div><\/div>\n\n\n\n<div class=\"wp-block-media-text has-media-on-the-right is-stacked-on-mobile\" style=\"grid-template-columns:auto 30%\"><div class=\"wp-block-media-text__content\">\n<p><em>Die Idee:<\/em> Informationstafeln im Freien entstehen lassen, auf denen Passanten etwas \u00fcber verschiedene Aspekte der Chemnitzer Musikgeschichte lernen k\u00f6nnen. Einbezogen werden sollen dabei ganz unterschiedliche Akteure, Stile und Formen von Musik. Ob Kammerch\u00f6re, klassische Komponisten oder<br>Jugendmusik &#8211; jede Geschichte hat Platz in diesem Rahmen. Nat\u00fcrlich sollen die Geschichten nicht nur lesbar, sondern die Musik auch h\u00f6rbar sein. Deshalb wird jede Station mit Lautsprechern oder QR-Codes versehen werden, \u00fcber die man die passenden St\u00fccke abspielen kann. Zugreifbar f\u00fcr jeden, inmitten der Stadt und der Natur.<\/p>\n<\/div><figure class=\"wp-block-media-text__media\"><img loading=\"lazy\" decoding=\"async\" width=\"768\" height=\"1024\" src=\"https:\/\/kamenica-musica.de\/wp-content\/uploads\/2025\/01\/20240813_205507-768x1024.jpg\" alt=\"\" class=\"wp-image-494 size-full\" srcset=\"https:\/\/kamenica-musica.de\/wp-content\/uploads\/2025\/01\/20240813_205507-768x1024.jpg 768w, https:\/\/kamenica-musica.de\/wp-content\/uploads\/2025\/01\/20240813_205507-225x300.jpg 225w, https:\/\/kamenica-musica.de\/wp-content\/uploads\/2025\/01\/20240813_205507-1152x1536.jpg 1152w, https:\/\/kamenica-musica.de\/wp-content\/uploads\/2025\/01\/20240813_205507-1536x2048.jpg 1536w, https:\/\/kamenica-musica.de\/wp-content\/uploads\/2025\/01\/20240813_205507-scaled.jpg 1920w\" sizes=\"auto, (max-width: 768px) 100vw, 768px\" \/><\/figure><\/div>\n\n\n\n<div class=\"wp-block-media-text is-stacked-on-mobile\" style=\"grid-template-columns:30% auto\"><figure class=\"wp-block-media-text__media\"><img loading=\"lazy\" decoding=\"async\" width=\"768\" height=\"1024\" src=\"https:\/\/kamenica-musica.de\/wp-content\/uploads\/2025\/01\/IMG_20240630_192714562_HDR-768x1024.jpg\" alt=\"\" class=\"wp-image-511 size-full\" srcset=\"https:\/\/kamenica-musica.de\/wp-content\/uploads\/2025\/01\/IMG_20240630_192714562_HDR-768x1024.jpg 768w, https:\/\/kamenica-musica.de\/wp-content\/uploads\/2025\/01\/IMG_20240630_192714562_HDR-225x300.jpg 225w, https:\/\/kamenica-musica.de\/wp-content\/uploads\/2025\/01\/IMG_20240630_192714562_HDR-1152x1536.jpg 1152w, https:\/\/kamenica-musica.de\/wp-content\/uploads\/2025\/01\/IMG_20240630_192714562_HDR-1536x2048.jpg 1536w, https:\/\/kamenica-musica.de\/wp-content\/uploads\/2025\/01\/IMG_20240630_192714562_HDR-scaled.jpg 1920w\" sizes=\"auto, (max-width: 768px) 100vw, 768px\" \/><\/figure><div class=\"wp-block-media-text__content\">\n<p><em>Der Clou:<\/em> Alle abspielbaren St\u00fccke werden im Rahmen des Projekts aufgenommen, und zwar in Zusammenarbeit mit lokalen Initiativen aus Chemnitz und Musikgruppen aus Partnerst\u00e4dten in europ\u00e4ischen L\u00e4ndern wie Tschechien und Polen. \u201cMusik ist eine Sprache, die jeder versteht\u201d, sagte schon Carl Maria von Weber, deswegen eignet sie sich hervorragend, um internationale Kontakte zu unseren europ\u00e4ischen Partnern zu kn\u00fcpfen oder zu festigen. Gleichzeitig bekommen die Musizierenden die Chance, sich als Puzzleteil der Chemnitzer Musiklandschaft \u00f6ffentlich zu pr\u00e4sentieren.<\/p>\n<\/div><\/div>\n\n\n\n<div class=\"wp-block-media-text has-media-on-the-right is-stacked-on-mobile\" style=\"grid-template-columns:auto 30%\"><div class=\"wp-block-media-text__content\">\n<p><em>Der Ort:<\/em> Beginnen soll der musikalische Spaziergang am Zusammenfluss von W\u00fcrschnitz und Zw\u00f6nitz, also da, wo die Chemnitz beginnt. An ihrem Verlauf entlang f\u00fchrt der Weg dann ins Innere der Stadt: mitten durch die Natur, vorbei an der Interventionsfl\u00e4che \u201cFlussbad Altchemnitz\u201d und dem Europark mit dem zuk\u00fcnftigen internationalem Tanzzentrum, durch den Stadtpark bis zu Weltecho und Falkeplatz.<\/p>\n<\/div><figure class=\"wp-block-media-text__media\"><img loading=\"lazy\" decoding=\"async\" width=\"768\" height=\"1024\" src=\"https:\/\/kamenica-musica.de\/wp-content\/uploads\/2025\/01\/79e_20240606_074238490_HDR-768x1024.jpg\" alt=\"\" class=\"wp-image-491 size-full\" srcset=\"https:\/\/kamenica-musica.de\/wp-content\/uploads\/2025\/01\/79e_20240606_074238490_HDR-768x1024.jpg 768w, https:\/\/kamenica-musica.de\/wp-content\/uploads\/2025\/01\/79e_20240606_074238490_HDR-225x300.jpg 225w, https:\/\/kamenica-musica.de\/wp-content\/uploads\/2025\/01\/79e_20240606_074238490_HDR-1152x1536.jpg 1152w, https:\/\/kamenica-musica.de\/wp-content\/uploads\/2025\/01\/79e_20240606_074238490_HDR-1536x2048.jpg 1536w, https:\/\/kamenica-musica.de\/wp-content\/uploads\/2025\/01\/79e_20240606_074238490_HDR-scaled.jpg 1920w\" sizes=\"auto, (max-width: 768px) 100vw, 768px\" \/><\/figure><\/div>\n\n\n\n<div class=\"wp-block-media-text is-stacked-on-mobile\" style=\"grid-template-columns:30% auto\"><figure class=\"wp-block-media-text__media\"><img loading=\"lazy\" decoding=\"async\" width=\"768\" height=\"1024\" src=\"https:\/\/kamenica-musica.de\/wp-content\/uploads\/2025\/01\/24-08-11-16-17-52-7631-768x1024.jpg\" alt=\"\" class=\"wp-image-487 size-full\" srcset=\"https:\/\/kamenica-musica.de\/wp-content\/uploads\/2025\/01\/24-08-11-16-17-52-7631-768x1024.jpg 768w, https:\/\/kamenica-musica.de\/wp-content\/uploads\/2025\/01\/24-08-11-16-17-52-7631-225x300.jpg 225w, https:\/\/kamenica-musica.de\/wp-content\/uploads\/2025\/01\/24-08-11-16-17-52-7631-1152x1536.jpg 1152w, https:\/\/kamenica-musica.de\/wp-content\/uploads\/2025\/01\/24-08-11-16-17-52-7631.jpg 1536w\" sizes=\"auto, (max-width: 768px) 100vw, 768px\" \/><\/figure><div class=\"wp-block-media-text__content\">\n<p><em>Die Umsetzung:<\/em> Hinter Kamenica Musica steckt ein kleines Team engagierter Menschen, das gerne wachsen will. Wenn du dich angesprochen f\u00fchlst und Lust hast, etwas zum Projekt beizutragen, dich einzubringen und mitzumachen, melde dich sehr gern bei uns unter <a href=\"mailto:info@kamenica-musica.de\">info@kamenica-musica.de<\/a> oder <a href=\"tel:+4915566043541\">+49 155 66043541<\/a> oder bei unserem Instagramaccount <a href=\"https:\/\/www.instagram.com\/kamenica_musica\/\">@kamenica_musica<\/a>. Wir freuen uns \u00fcber jede Hilfe, Vorerfahrung in Projektplanung, Musik oder Kultur ist nicht notwendig, jede deiner individuellen Kompetenzen kann hilfreich sein.<\/p>\n<\/div><\/div>\n","protected":false},"excerpt":{"rendered":"<p>Bei einem Spaziergang entlang der Chemnitz lokale Musikgeschichte(n) kennenlernen &#8211; geht nicht? Noch nicht! Das Projekt Kamenica Musica m\u00f6chte genau das erm\u00f6glichen. In Zusammenarbeit mit Musizierenden aus der Kulturhauptstadtregion und [&#8230;] <\/p>\n<p class=\"more-link-container\"><a href=\"https:\/\/kamenica-musica.de\/index.php\/projektbeschreibung\/\" class=\"more-link\">Read More<span class=\"screen-reader-text\"> &#8222;Projektbeschreibung&#8220;<\/span><\/a><\/p>\n","protected":false},"author":2,"featured_media":0,"parent":0,"menu_order":0,"comment_status":"closed","ping_status":"closed","template":"","meta":{"_price":"","_stock":"","_tribe_ticket_header":"","_tribe_default_ticket_provider":"","_tribe_ticket_capacity":"0","_ticket_start_date":"","_ticket_end_date":"","_tribe_ticket_show_description":"","_tribe_ticket_show_not_going":false,"_tribe_ticket_use_global_stock":"","_tribe_ticket_global_stock_level":"","_global_stock_mode":"","_global_stock_cap":"","_tribe_rsvp_for_event":"","_tribe_ticket_going_count":"","_tribe_ticket_not_going_count":"","_tribe_tickets_list":"[]","_tribe_ticket_has_attendee_info_fields":false,"footnotes":"","_tec_slr_enabled":"","_tec_slr_layout":""},"class_list":["post-314","page","type-page","status-publish","hentry"],"ticketed":false,"_links":{"self":[{"href":"https:\/\/kamenica-musica.de\/index.php\/wp-json\/wp\/v2\/pages\/314","targetHints":{"allow":["GET"]}}],"collection":[{"href":"https:\/\/kamenica-musica.de\/index.php\/wp-json\/wp\/v2\/pages"}],"about":[{"href":"https:\/\/kamenica-musica.de\/index.php\/wp-json\/wp\/v2\/types\/page"}],"author":[{"embeddable":true,"href":"https:\/\/kamenica-musica.de\/index.php\/wp-json\/wp\/v2\/users\/2"}],"replies":[{"embeddable":true,"href":"https:\/\/kamenica-musica.de\/index.php\/wp-json\/wp\/v2\/comments?post=314"}],"version-history":[{"count":6,"href":"https:\/\/kamenica-musica.de\/index.php\/wp-json\/wp\/v2\/pages\/314\/revisions"}],"predecessor-version":[{"id":545,"href":"https:\/\/kamenica-musica.de\/index.php\/wp-json\/wp\/v2\/pages\/314\/revisions\/545"}],"wp:attachment":[{"href":"https:\/\/kamenica-musica.de\/index.php\/wp-json\/wp\/v2\/media?parent=314"}],"curies":[{"name":"wp","href":"https:\/\/api.w.org\/{rel}","templated":true}]}}

<p>Bei einem Spaziergang entlang der Chemnitz lokale Musikgeschichte(n) kennenlernen &#8211; geht nicht? Noch nicht! Das Projekt Kamenica Musica möchte genau das ermöglichen. In Zusammenarbeit mit Musizierenden aus der Kulturhauptstadtregion und seinen Partnerstädten in Europa sollen im öffentlichen Raum Stationen entstehen, die Musik hörbar und erlebbar machen &#8211; niedrigschwellig und informativ.</p>



<div class="wp-block-media-text is-stacked-on-mobile" style="grid-template-columns:30% auto"><figure class="wp-block-media-text__media"><img loading="lazy" decoding="async" width="707" height="1024" src="https://kamenica-musica.de/wp-content/uploads/2025/01/IMG_20240413_142625307_-707x1024.jpg" alt="" class="wp-image-542 size-full" srcset="https://kamenica-musica.de/wp-content/uploads/2025/01/IMG_20240413_142625307_-707x1024.jpg 707w, https://kamenica-musica.de/wp-content/uploads/2025/01/IMG_20240413_142625307_-207x300.jpg 207w, https://kamenica-musica.de/wp-content/uploads/2025/01/IMG_20240413_142625307_-768x1113.jpg 768w, https://kamenica-musica.de/wp-content/uploads/2025/01/IMG_20240413_142625307_-1060x1536.jpg 1060w, https://kamenica-musica.de/wp-content/uploads/2025/01/IMG_20240413_142625307_-1413x2048.jpg 1413w, https://kamenica-musica.de/wp-content/uploads/2025/01/IMG_20240413_142625307_.jpg 1689w" sizes="auto, (max-width: 707px) 100vw, 707px" /></figure><div class="wp-block-media-text__content">
<p><em>Der Grund:</em> Musik ist in der Öffentlichkeit nur selten zu hören &#8211; dabei ist sie im städtischen Raum allgegenwärtig. Vieles, was Musikgruppen oder Einzelpersonen in der eigenen Umgebung produzieren, findet jedoch für Außenstehende unzugänglich hinter geschlossenen Türen oder gegen Eintritt statt. Diese Musizierenden und ihre Werke soll das Projekt Kamenica Musica sichtbar machen &#8211; ganz nach dem Chemnitzer Kulturhauptstadtmotto “C the unseen”. Denn: Nicht nur auf dem Broadway und in der Elbphilharmonie, sondern genau hier spielt die Musik!</p>
</div></div>



<div class="wp-block-media-text has-media-on-the-right is-stacked-on-mobile" style="grid-template-columns:auto 30%"><div class="wp-block-media-text__content">
<p><em>Die Idee:</em> Informationstafeln im Freien entstehen lassen, auf denen Passanten etwas über verschiedene Aspekte der Chemnitzer Musikgeschichte lernen können. Einbezogen werden sollen dabei ganz unterschiedliche Akteure, Stile und Formen von Musik. Ob Kammerchöre, klassische Komponisten oder<br>Jugendmusik &#8211; jede Geschichte hat Platz in diesem Rahmen. Natürlich sollen die Geschichten nicht nur lesbar, sondern die Musik auch hörbar sein. Deshalb wird jede Station mit Lautsprechern oder QR-Codes versehen werden, über die man die passenden Stücke abspielen kann. Zugreifbar für jeden, inmitten der Stadt und der Natur.</p>
</div><figure class="wp-block-media-text__media"><img loading="lazy" decoding="async" width="768" height="1024" src="https://kamenica-musica.de/wp-content/uploads/2025/01/20240813_205507-768x1024.jpg" alt="" class="wp-image-494 size-full" srcset="https://kamenica-musica.de/wp-content/uploads/2025/01/20240813_205507-768x1024.jpg 768w, https://kamenica-musica.de/wp-content/uploads/2025/01/20240813_205507-225x300.jpg 225w, https://kamenica-musica.de/wp-content/uploads/2025/01/20240813_205507-1152x1536.jpg 1152w, https://kamenica-musica.de/wp-content/uploads/2025/01/20240813_205507-1536x2048.jpg 1536w, https://kamenica-musica.de/wp-content/uploads/2025/01/20240813_205507-scaled.jpg 1920w" sizes="auto, (max-width: 768px) 100vw, 768px" /></figure></div>



<div class="wp-block-media-text is-stacked-on-mobile" style="grid-template-columns:30% auto"><figure class="wp-block-media-text__media"><img loading="lazy" decoding="async" width="768" height="1024" src="https://kamenica-musica.de/wp-content/uploads/2025/01/IMG_20240630_192714562_HDR-768x1024.jpg" alt="" class="wp-image-511 size-full" srcset="https://kamenica-musica.de/wp-content/uploads/2025/01/IMG_20240630_192714562_HDR-768x1024.jpg 768w, https://kamenica-musica.de/wp-content/uploads/2025/01/IMG_20240630_192714562_HDR-225x300.jpg 225w, https://kamenica-musica.de/wp-content/uploads/2025/01/IMG_20240630_192714562_HDR-1152x1536.jpg 1152w, https://kamenica-musica.de/wp-content/uploads/2025/01/IMG_20240630_192714562_HDR-1536x2048.jpg 1536w, https://kamenica-musica.de/wp-content/uploads/2025/01/IMG_20240630_192714562_HDR-scaled.jpg 1920w" sizes="auto, (max-width: 768px) 100vw, 768px" /></figure><div class="wp-block-media-text__content">
<p><em>Der Clou:</em> Alle abspielbaren Stücke werden im Rahmen des Projekts aufgenommen, und zwar in Zusammenarbeit mit lokalen Initiativen aus Chemnitz und Musikgruppen aus Partnerstädten in europäischen Ländern wie Tschechien und Polen. “Musik ist eine Sprache, die jeder versteht”, sagte schon Carl Maria von Weber, deswegen eignet sie sich hervorragend, um internationale Kontakte zu unseren europäischen Partnern zu knüpfen oder zu festigen. Gleichzeitig bekommen die Musizierenden die Chance, sich als Puzzleteil der Chemnitzer Musiklandschaft öffentlich zu präsentieren.</p>
</div></div>



<div class="wp-block-media-text has-media-on-the-right is-stacked-on-mobile" style="grid-template-columns:auto 30%"><div class="wp-block-media-text__content">
<p><em>Der Ort:</em> Beginnen soll der musikalische Spaziergang am Zusammenfluss von Würschnitz und Zwönitz, also da, wo die Chemnitz beginnt. An ihrem Verlauf entlang führt der Weg dann ins Innere der Stadt: mitten durch die Natur, vorbei an der Interventionsfläche “Flussbad Altchemnitz” und dem Europark mit dem zukünftigen internationalem Tanzzentrum, durch den Stadtpark bis zu Weltecho und Falkeplatz.</p>
</div><figure class="wp-block-media-text__media"><img loading="lazy" decoding="async" width="768" height="1024" src="https://kamenica-musica.de/wp-content/uploads/2025/01/79e_20240606_074238490_HDR-768x1024.jpg" alt="" class="wp-image-491 size-full" srcset="https://kamenica-musica.de/wp-content/uploads/2025/01/79e_20240606_074238490_HDR-768x1024.jpg 768w, https://kamenica-musica.de/wp-content/uploads/2025/01/79e_20240606_074238490_HDR-225x300.jpg 225w, https://kamenica-musica.de/wp-content/uploads/2025/01/79e_20240606_074238490_HDR-1152x1536.jpg 1152w, https://kamenica-musica.de/wp-content/uploads/2025/01/79e_20240606_074238490_HDR-1536x2048.jpg 1536w, https://kamenica-musica.de/wp-content/uploads/2025/01/79e_20240606_074238490_HDR-scaled.jpg 1920w" sizes="auto, (max-width: 768px) 100vw, 768px" /></figure></div>



<div class="wp-block-media-text is-stacked-on-mobile" style="grid-template-columns:30% auto"><figure class="wp-block-media-text__media"><img loading="lazy" decoding="async" width="768" height="1024" src="https://kamenica-musica.de/wp-content/uploads/2025/01/24-08-11-16-17-52-7631-768x1024.jpg" alt="" class="wp-image-487 size-full" srcset="https://kamenica-musica.de/wp-content/uploads/2025/01/24-08-11-16-17-52-7631-768x1024.jpg 768w, https://kamenica-musica.de/wp-content/uploads/2025/01/24-08-11-16-17-52-7631-225x300.jpg 225w, https://kamenica-musica.de/wp-content/uploads/2025/01/24-08-11-16-17-52-7631-1152x1536.jpg 1152w, https://kamenica-musica.de/wp-content/uploads/2025/01/24-08-11-16-17-52-7631.jpg 1536w" sizes="auto, (max-width: 768px) 100vw, 768px" /></figure><div class="wp-block-media-text__content">
<p><em>Die Umsetzung:</em> Hinter Kamenica Musica steckt ein kleines Team engagierter Menschen, das gerne wachsen will. Wenn du dich angesprochen fühlst und Lust hast, etwas zum Projekt beizutragen, dich einzubringen und mitzumachen, melde dich sehr gern bei uns unter <a href="mailto:info@kamenica-musica.de">info@kamenica-musica.de</a> oder <a href="tel:+4915566043541">+49 155 66043541</a> oder bei unserem Instagramaccount <a href="https://www.instagram.com/kamenica_musica/">@kamenica_musica</a>. Wir freuen uns über jede Hilfe, Vorerfahrung in Projektplanung, Musik oder Kultur ist nicht notwendig, jede deiner individuellen Kompetenzen kann hilfreich sein.</p>
</div></div>

<p>Bei einem Spaziergang entlang der Chemnitz lokale Musikgeschichte(n) kennenlernen &#8211; geht nicht? Noch nicht! Das Projekt Kamenica Musica möchte genau das ermöglichen. In Zusammenarbeit mit Musizierenden aus der Kulturhauptstadtregion und [&#8230;] </p>
<p class="more-link-container"><a href="https://kamenica-musica.de/index.php/projektbeschreibung/" class="more-link">Read More<span class="screen-reader-text"> &#8222;Projektbeschreibung&#8220;</span></a></p>
