{"id":442,"date":"2025-01-17T17:50:46","date_gmt":"2025-01-17T16:50:46","guid":{"rendered":"https:\/\/kamenica-musica.de\/?page_id=442"},"modified":"2025-01-17T17:50:46","modified_gmt":"2025-01-17T16:50:46","slug":"faq-shrnuti-nejdulezitejsich-informaci-o-projektu-kamenica-musica-2","status":"publish","type":"page","link":"https:\/\/kamenica-musica.de\/index.php\/cs\/faq-shrnuti-nejdulezitejsich-informaci-o-projektu-kamenica-musica-2\/","title":{"rendered":"FAQ &#8211; Shrnut\u00ed nejd\u016fle\u017eit\u011bj\u0161\u00edch informac\u00ed o projektu Kamenica Musica"},"content":{"rendered":"\n<h2 class=\"wp-block-heading\">Co vlastn\u011b znamen\u00e1 \u201eKamenica Musica\u201c?<\/h2>\n\n\n\n<p><em>Musica<\/em> samoz\u0159ejm\u011b znamen\u00e1 hudba, kolem t\u00e9 se v\u0161e to\u010d\u00ed. <em>Kamenica<\/em> je odvozena od prvn\u00edho z mnoha n\u00e1zv\u016f m\u011bsta Chemnitz: Kameniz. To poch\u00e1z\u00ed p\u016fvodn\u011b z lu\u017eickosrbsk\u00e9ho <em>kamjenica<\/em>, co\u017e znamen\u00e1 \u201eSteinbach (\u010desky Kamenn\u00fd potok)\u201c. To dokonale sed\u00ed, proto\u017ee tento projekt m\u00e1 b\u00fdt postaven na \u0159ece a odkazuje na historii Chemnitz.<\/p>\n\n\n\n<h2 class=\"wp-block-heading\">Co je c\u00edlem projektu?<\/h2>\n\n\n\n<p>C\u00edlem projektu Kamenica Musica je umo\u017enit hudbu za\u017e\u00edt nejenom v koncertn\u00ed s\u00edni nebo hudebn\u00ed \u0161kole, ale i venku v p\u0159\u00edrod\u011b. R\u016fzn\u00e9 stanice s informa\u010dn\u00edmi tabulemi a p\u0159ehrateln\u00fdmi hudebn\u00edmi uk\u00e1zkami maj\u00ed ud\u011blat chemnitzsk\u00e9 hudebn\u00ed p\u0159\u00edb\u011bhy viditeln\u00fdmi a sly\u0161iteln\u00fdmi (voln\u011b v souladu s mottem hlavn\u00edho m\u011bsta kultury \u201eC the unseen\u201c). Pou\u017eit\u00e9 skladby maj\u00ed b\u00fdt nahr\u00e1ny ve spolupr\u00e1ci s r\u016fzn\u00fdmi hudebn\u00edky z Chemnitz a jeho partnersk\u00fdch m\u011bst v sousedn\u00edch zem\u00edch Polska a \u010cesk\u00e9 republiky s c\u00edlem pos\u00edlit mezin\u00e1rodn\u00ed vztahy prost\u0159ednictv\u00edm hudby.<\/p>\n\n\n\n<h2 class=\"wp-block-heading\">Kde by m\u011bl b\u00fdt projekt vytvo\u0159en?<\/h2>\n\n\n\n<p>Stanice maj\u00ed vzniknout p\u0159\u00edmo v Chemnitz na cyklistick\u00e9 a turistick\u00e9 stezce pod\u00e9l \u0159eky Chemnitz v \u010d\u00e1s m\u011bsta Altchemnitz &#8211; bl\u00edzko \u0159eky, v p\u0159\u00edrod\u011b. Trasa stanic bude za\u010d\u00ednat na soutoku \u0159ek Zw\u00f6nitz a W\u00fcrschnitz, povede kolem interven\u010dn\u00ed oblasti \u201eFlussbad Altchemnitz\u201c a Europarku s budouc\u00edm mezin\u00e1rodn\u00edm tane\u010dn\u00edm centrem, p\u0159es m\u011bstsk\u00fd park k Weltecho a Falkeplatz.<\/p>\n\n\n\n<h2 class=\"wp-block-heading\">Co projekt d\u00e1le umo\u017e\u0148uje?<\/h2>\n\n\n\n<p>V duchu dal\u0161\u00edho mo\u017en\u00e9ho rozvoje jsme si dovolili uva\u017eovat ve v\u011bt\u0161\u00edm: Po realizaci j\u00e1drov\u00fdch stanic na pl\u00e1novan\u00e9m m\u00edst\u011b lze v budoucnu vybudovat dal\u0161\u00ed stanice pod\u00e9l \u0159eky Chemnitz nebo na jin\u00fdch m\u00edstech ve m\u011bst\u011b a okol\u00ed &#8211; pop\u0159. v partnersk\u00fdch m\u011bstech v Evrop\u011b!<br>Krom\u011b stanic s vestav\u011bn\u00fdmi reproduktory lze v m\u00edstech bez p\u0159ipojen\u00ed k elektrick\u00e9mu proudu pro p\u0159ehr\u00e1v\u00e1n\u00ed hudby vyu\u017e\u00edt i QR k\u00f3dy.<\/p>\n\n\n\n<h2 class=\"wp-block-heading\">Kdo stoj\u00ed za projektem Kamenica Musica?<\/h2>\n\n\n\n<p>Mal\u00e1 skupina velmi odli\u0161n\u00fdch lid\u00ed, kte\u0159\u00ed cht\u011bj\u00ed v Chemnitz vytvo\u0159it n\u011bco nov\u00e9ho a kr\u00e1sn\u00e9ho. N\u011bkte\u0159\u00ed maj\u00ed \u00fazk\u00fd vztah k hudb\u011b, n\u011bkte\u0159\u00ed ke kultu\u0159e, n\u011bkte\u0159\u00ed k oboj\u00edmu a pro n\u011bkter\u00e9 jsou ob\u011b oblasti zcela nov\u00e9. Hled\u00e1me i dal\u0161\u00ed anga\u017eovan\u00e9 lidi, budeme r\u00e1di, kdy\u017e n\u00e1s kontaktujete!<\/p>\n\n\n\n<h2 class=\"wp-block-heading\">Jak se mohu z\u00fa\u010dastnit?<\/h2>\n\n\n\n<p>Sta\u010d\u00ed n\u00e1m napsat na <a href=\"mailto:info@kamnica-musica.de\">info@kamnica-musica.de<\/a> nebo <a href=\"tel:+4915566043541\">+49 155 66043541<\/a> nebo na n\u00e1\u0161 instagramov\u00fd<br>\u00fa\u010det <a href=\"https:\/\/www.instagram.com\/kamenica_musica\/\">@kamenica_musica<\/a>. V\u00edt\u00e1me ka\u017ed\u00e9ho, kdo by s n\u00e1mi cht\u011bl tento n\u00e1pad realizovat.<\/p>\n","protected":false},"excerpt":{"rendered":"<p>Co vlastn\u011b znamen\u00e1 \u201eKamenica Musica\u201c? Musica samoz\u0159ejm\u011b znamen\u00e1 hudba, kolem t\u00e9 se v\u0161e to\u010d\u00ed. Kamenica je odvozena od prvn\u00edho z mnoha n\u00e1zv\u016f m\u011bsta Chemnitz: Kameniz. To poch\u00e1z\u00ed p\u016fvodn\u011b z lu\u017eickosrbsk\u00e9ho [&#8230;] <\/p>\n<p class=\"more-link-container\"><a href=\"https:\/\/kamenica-musica.de\/index.php\/cs\/faq-shrnuti-nejdulezitejsich-informaci-o-projektu-kamenica-musica-2\/\" class=\"more-link\">Read More<span class=\"screen-reader-text\"> &#8222;FAQ &#8211; Shrnut\u00ed nejd\u016fle\u017eit\u011bj\u0161\u00edch informac\u00ed o projektu Kamenica Musica&#8220;<\/span><\/a><\/p>\n","protected":false},"author":8,"featured_media":0,"parent":0,"menu_order":0,"comment_status":"closed","ping_status":"closed","template":"","meta":{"_price":"","_stock":"","_tribe_ticket_header":"","_tribe_default_ticket_provider":"","_tribe_ticket_capacity":"0","_ticket_start_date":"","_ticket_end_date":"","_tribe_ticket_show_description":"","_tribe_ticket_show_not_going":false,"_tribe_ticket_use_global_stock":"","_tribe_ticket_global_stock_level":"","_global_stock_mode":"","_global_stock_cap":"","_tribe_rsvp_for_event":"","_tribe_ticket_going_count":"","_tribe_ticket_not_going_count":"","_tribe_tickets_list":"[]","_tribe_ticket_has_attendee_info_fields":false,"footnotes":"","_tec_slr_enabled":"","_tec_slr_layout":""},"class_list":["post-442","page","type-page","status-publish","hentry"],"ticketed":false,"_links":{"self":[{"href":"https:\/\/kamenica-musica.de\/index.php\/wp-json\/wp\/v2\/pages\/442","targetHints":{"allow":["GET"]}}],"collection":[{"href":"https:\/\/kamenica-musica.de\/index.php\/wp-json\/wp\/v2\/pages"}],"about":[{"href":"https:\/\/kamenica-musica.de\/index.php\/wp-json\/wp\/v2\/types\/page"}],"author":[{"embeddable":true,"href":"https:\/\/kamenica-musica.de\/index.php\/wp-json\/wp\/v2\/users\/8"}],"replies":[{"embeddable":true,"href":"https:\/\/kamenica-musica.de\/index.php\/wp-json\/wp\/v2\/comments?post=442"}],"version-history":[{"count":1,"href":"https:\/\/kamenica-musica.de\/index.php\/wp-json\/wp\/v2\/pages\/442\/revisions"}],"predecessor-version":[{"id":443,"href":"https:\/\/kamenica-musica.de\/index.php\/wp-json\/wp\/v2\/pages\/442\/revisions\/443"}],"wp:attachment":[{"href":"https:\/\/kamenica-musica.de\/index.php\/wp-json\/wp\/v2\/media?parent=442"}],"curies":[{"name":"wp","href":"https:\/\/api.w.org\/{rel}","templated":true}]}}