{"id":444,"date":"2025-01-17T17:51:34","date_gmt":"2025-01-17T16:51:34","guid":{"rendered":"https:\/\/kamenica-musica.de\/?page_id=444"},"modified":"2025-01-17T17:51:34","modified_gmt":"2025-01-17T16:51:34","slug":"faq-najwazniejsze-fakty-dotyczace-projektu-kamenica-musica-w-skrocie","status":"publish","type":"page","link":"https:\/\/kamenica-musica.de\/index.php\/pl\/faq-najwazniejsze-fakty-dotyczace-projektu-kamenica-musica-w-skrocie\/","title":{"rendered":"FAQ &#8211; Najwa\u017cniejsze fakty dotycz\u0105ce projektu Kamenica Musica w skr\u00f3cie"},"content":{"rendered":"\n<h2 class=\"wp-block-heading\">Co w\u0142a\u015bciwie oznacza &#8222;Kamenica Musica&#8220;?<\/h2>\n\n\n\n<p>\u201eMusica\u201c naturalnie oznacza muzyk\u0119, wok\u00f3\u0142 kt\u00f3rej wszystko si\u0119 kr\u0119ci. \u201eKamenica\u201c pochodzi od pierwszej z wielu nazw miasta Chemnitz: Kameniz. Ta z kolei pochodzi od serbo\u0142u\u017cyckiego kamjenica, co oznacza &#8222;kamienny strumie\u0144&#8220;. W tej nazwie zawiera si\u0119 istota projektu, kt\u00f3ry ma zosta\u0107 zrealizowany nad rzek\u0105 i nawi\u0105zuje do historii Chemnitz.<\/p>\n\n\n\n<h2 class=\"wp-block-heading\">Jaki jest cel projektu?<\/h2>\n\n\n\n<p>Celem \u201eKamenica Musica\u201c jest o\u017cywienie muzyki &#8211; poza salami koncertowymi i szko\u0142ami muzycznymi &#8211; na \u0142onie natury. Szereg stacji z tablicami informacyjnymi i odtwarzanymi utworami muzycznymi ma sprawi\u0107, \u017ce muzyczna historia Chemnitz b\u0119dzie widoczna i s\u0142yszalna (co swobodnie nawi\u0105zuje do motta Stolicy Kultury &#8222;C the unseen&#8220;). Wykorzystane utwory zostan\u0105 nagrane we wsp\u00f3\u0142pracy z r\u00f3\u017cnymi muzykami z Chemnitz i z miast partnerskich, z Polski i z Czech, co wzmocni relacje mi\u0119dzynarodowe.<\/p>\n\n\n\n<h2 class=\"wp-block-heading\">Gdzie powstanie projekt?<\/h2>\n\n\n\n<p>Stacje maj\u0105 zosta\u0107 zbudowane w centrum Chemnitz na szlaku rowerowym i pieszym wzd\u0142u\u017c Chemnitz w Altchemnitz &#8211; blisko rzeki i na wsi. Pocz\u0105wszy od zbiegu Zw\u00f6nitz i W\u00fcrschnitz, obok miejsca interwencji &#8222;Flussbad Altchemnitz&#8220; i Europark (z przysz\u0142ym mi\u0119dzynarodowym centrum ta\u0144ca), przez park miejski do Weltecho i Falkeplatz.<\/p>\n\n\n\n<h2 class=\"wp-block-heading\">Co jeszcze jest mo\u017cliwe?<\/h2>\n\n\n\n<p>My\u015blimy o zwi\u0119kszeniu skali dzia\u0142ania: po stworzeniu g\u0142\u00f3wnych stacji w planowanej lokalizacji, kolejne stacje mog\u0105 powsta\u0107 w przysz\u0142o\u015bci wzd\u0142u\u017c Chemnitz lub w innych lokalizacjach w mie\u015bcie i jego okolicach &#8211; a nawet w miastach partnerskich w Europie! <\/p>\n\n\n\n<p>Opr\u00f3cz stacji z wbudowanymi g\u0142o\u015bnikami, mo\u017cliwe jest r\u00f3wnie\u017c wykorzystanie kod\u00f3w QR do odtwarzania muzyki, i to bez pr\u0105du! <\/p>\n\n\n\n<h2 class=\"wp-block-heading\">Kto stoi za Kamenica Musica? <\/h2>\n\n\n\n<p>Ma\u0142a grupa bardzo r\u00f3\u017cnych ludzi, kt\u00f3rzy chc\u0105 stworzy\u0107 co\u015b nowego i pi\u0119knego w Chemnitz. Jedni s\u0105 zwi\u0105zani z muzyk\u0105, drudzy z kultur\u0105, niekt\u00f3rzy z jednym i drugim, a jeszcze inni s\u0105 zupe\u0142nie nowi. Szukamy wi\u0119cej zaanga\u017cowanych os\u00f3b, wi\u0119c skontaktuj si\u0119 z nami!<\/p>\n\n\n\n<p>Jak mog\u0119 wzi\u0105\u0107 udzia\u0142?<\/p>\n\n\n\n<p>Wystarczy napisa\u0107 do nas na adres <a href=\"mailto:info@kamnica-musica.de\">info@kamnica-musica.de<\/a> lub <a href=\"tel:+4915566043541\">+49 155 66043541<\/a> lub na nasze konto na Instagramie <a href=\"https:\/\/www.instagram.com\/kamenica_musica\/\">@kamenica_musica<\/a>. Czekamy na wiadomo\u015b\u0107 od ka\u017cdego, kto chcia\u0142by zrealizowa\u0107 z nami ten pomys\u0142.<\/p>\n","protected":false},"excerpt":{"rendered":"<p>Co w\u0142a\u015bciwie oznacza &#8222;Kamenica Musica&#8220;? \u201eMusica\u201c naturalnie oznacza muzyk\u0119, wok\u00f3\u0142 kt\u00f3rej wszystko si\u0119 kr\u0119ci. \u201eKamenica\u201c pochodzi od pierwszej z wielu nazw miasta Chemnitz: Kameniz. Ta z kolei pochodzi od serbo\u0142u\u017cyckiego [&#8230;] <\/p>\n<p class=\"more-link-container\"><a href=\"https:\/\/kamenica-musica.de\/index.php\/pl\/faq-najwazniejsze-fakty-dotyczace-projektu-kamenica-musica-w-skrocie\/\" class=\"more-link\">Read More<span class=\"screen-reader-text\"> &#8222;FAQ &#8211; Najwa\u017cniejsze fakty dotycz\u0105ce projektu Kamenica Musica w skr\u00f3cie&#8220;<\/span><\/a><\/p>\n","protected":false},"author":8,"featured_media":0,"parent":0,"menu_order":0,"comment_status":"closed","ping_status":"closed","template":"","meta":{"_price":"","_stock":"","_tribe_ticket_header":"","_tribe_default_ticket_provider":"","_tribe_ticket_capacity":"0","_ticket_start_date":"","_ticket_end_date":"","_tribe_ticket_show_description":"","_tribe_ticket_show_not_going":false,"_tribe_ticket_use_global_stock":"","_tribe_ticket_global_stock_level":"","_global_stock_mode":"","_global_stock_cap":"","_tribe_rsvp_for_event":"","_tribe_ticket_going_count":"","_tribe_ticket_not_going_count":"","_tribe_tickets_list":"[]","_tribe_ticket_has_attendee_info_fields":false,"footnotes":"","_tec_slr_enabled":"","_tec_slr_layout":""},"class_list":["post-444","page","type-page","status-publish","hentry"],"ticketed":false,"_links":{"self":[{"href":"https:\/\/kamenica-musica.de\/index.php\/wp-json\/wp\/v2\/pages\/444","targetHints":{"allow":["GET"]}}],"collection":[{"href":"https:\/\/kamenica-musica.de\/index.php\/wp-json\/wp\/v2\/pages"}],"about":[{"href":"https:\/\/kamenica-musica.de\/index.php\/wp-json\/wp\/v2\/types\/page"}],"author":[{"embeddable":true,"href":"https:\/\/kamenica-musica.de\/index.php\/wp-json\/wp\/v2\/users\/8"}],"replies":[{"embeddable":true,"href":"https:\/\/kamenica-musica.de\/index.php\/wp-json\/wp\/v2\/comments?post=444"}],"version-history":[{"count":1,"href":"https:\/\/kamenica-musica.de\/index.php\/wp-json\/wp\/v2\/pages\/444\/revisions"}],"predecessor-version":[{"id":445,"href":"https:\/\/kamenica-musica.de\/index.php\/wp-json\/wp\/v2\/pages\/444\/revisions\/445"}],"wp:attachment":[{"href":"https:\/\/kamenica-musica.de\/index.php\/wp-json\/wp\/v2\/media?parent=444"}],"curies":[{"name":"wp","href":"https:\/\/api.w.org\/{rel}","templated":true}]}}

FAQ &#8211; Najważniejsze fakty dotyczące projektu Kamenica Musica w skrócie

<h2 class="wp-block-heading">Co właściwie oznacza &#8222;Kamenica Musica&#8220;?</h2>



<p>„Musica“ naturalnie oznacza muzykę, wokół której wszystko się kręci. „Kamenica“ pochodzi od pierwszej z wielu nazw miasta Chemnitz: Kameniz. Ta z kolei pochodzi od serbołużyckiego kamjenica, co oznacza &#8222;kamienny strumień&#8220;. W tej nazwie zawiera się istota projektu, który ma zostać zrealizowany nad rzeką i nawiązuje do historii Chemnitz.</p>



<h2 class="wp-block-heading">Jaki jest cel projektu?</h2>



<p>Celem „Kamenica Musica“ jest ożywienie muzyki &#8211; poza salami koncertowymi i szkołami muzycznymi &#8211; na łonie natury. Szereg stacji z tablicami informacyjnymi i odtwarzanymi utworami muzycznymi ma sprawić, że muzyczna historia Chemnitz będzie widoczna i słyszalna (co swobodnie nawiązuje do motta Stolicy Kultury &#8222;C the unseen&#8220;). Wykorzystane utwory zostaną nagrane we współpracy z różnymi muzykami z Chemnitz i z miast partnerskich, z Polski i z Czech, co wzmocni relacje międzynarodowe.</p>



<h2 class="wp-block-heading">Gdzie powstanie projekt?</h2>



<p>Stacje mają zostać zbudowane w centrum Chemnitz na szlaku rowerowym i pieszym wzdłuż Chemnitz w Altchemnitz &#8211; blisko rzeki i na wsi. Począwszy od zbiegu Zwönitz i Würschnitz, obok miejsca interwencji &#8222;Flussbad Altchemnitz&#8220; i Europark (z przyszłym międzynarodowym centrum tańca), przez park miejski do Weltecho i Falkeplatz.</p>



<h2 class="wp-block-heading">Co jeszcze jest możliwe?</h2>



<p>Myślimy o zwiększeniu skali działania: po stworzeniu głównych stacji w planowanej lokalizacji, kolejne stacje mogą powstać w przyszłości wzdłuż Chemnitz lub w innych lokalizacjach w mieście i jego okolicach &#8211; a nawet w miastach partnerskich w Europie! </p>



<p>Oprócz stacji z wbudowanymi głośnikami, możliwe jest również wykorzystanie kodów QR do odtwarzania muzyki, i to bez prądu! </p>



<h2 class="wp-block-heading">Kto stoi za Kamenica Musica? </h2>



<p>Mała grupa bardzo różnych ludzi, którzy chcą stworzyć coś nowego i pięknego w Chemnitz. Jedni są związani z muzyką, drudzy z kulturą, niektórzy z jednym i drugim, a jeszcze inni są zupełnie nowi. Szukamy więcej zaangażowanych osób, więc skontaktuj się z nami!</p>



<p>Jak mogę wziąć udział?</p>



<p>Wystarczy napisać do nas na adres <a href="mailto:info@kamnica-musica.de">info@kamnica-musica.de</a> lub <a href="tel:+4915566043541">+49 155 66043541</a> lub na nasze konto na Instagramie <a href="https://www.instagram.com/kamenica_musica/">@kamenica_musica</a>. Czekamy na wiadomość od każdego, kto chciałby zrealizować z nami ten pomysł.</p>

<p>Co właściwie oznacza &#8222;Kamenica Musica&#8220;? „Musica“ naturalnie oznacza muzykę, wokół której wszystko się kręci. „Kamenica“ pochodzi od pierwszej z wielu nazw miasta Chemnitz: Kameniz. Ta z kolei pochodzi od serbołużyckiego [&#8230;] </p>
<p class="more-link-container"><a href="https://kamenica-musica.de/index.php/pl/faq-najwazniejsze-fakty-dotyczace-projektu-kamenica-musica-w-skrocie/" class="more-link">Read More<span class="screen-reader-text"> &#8222;FAQ &#8211; Najważniejsze fakty dotyczące projektu Kamenica Musica w skrócie&#8220;</span></a></p>
