{"id":686,"date":"2025-08-30T01:17:03","date_gmt":"2025-08-29T23:17:03","guid":{"rendered":"https:\/\/kamenica-musica.de\/?page_id=686"},"modified":"2025-08-30T01:17:03","modified_gmt":"2025-08-29T23:17:03","slug":"spenden","status":"publish","type":"page","link":"https:\/\/kamenica-musica.de\/index.php\/spenden\/","title":{"rendered":"Spenden"},"content":{"rendered":"\n<p>Wir freuen uns sehr, dass du uns mit einer Spende unterst\u00fctzt. Du kannst uns entweder deinen gew\u00fcnschten Betrag \u00fcberweisen:<\/p>\n\n\n\n<p><em>Kamenica Musica e.V.<br>IBAN: DE51870962140321005365<br>BIC: GENODEF1CH1<br>Volksbank Chemnitz<\/em><\/p>\n\n\n\n<p>Oder hier kommst du auch direkt zu PayPal:<\/p>\n\n\n\n<p><a href=\"https:\/\/www.paypal.com\/ncp\/payment\/7W56GDPLAUS8Q\">https:\/\/www.paypal.com\/ncp\/payment\/7W56GDPLAUS8Q<\/a><\/p>\n","protected":false},"excerpt":{"rendered":"<p>Wir freuen uns sehr, dass du uns mit einer Spende unterst\u00fctzt. Du kannst uns entweder deinen gew\u00fcnschten Betrag \u00fcberweisen: Kamenica Musica e.V.IBAN: DE51870962140321005365BIC: GENODEF1CH1Volksbank Chemnitz Oder hier kommst du auch [&#8230;] <\/p>\n<p class=\"more-link-container\"><a href=\"https:\/\/kamenica-musica.de\/index.php\/spenden\/\" class=\"more-link\">Read More<span class=\"screen-reader-text\"> &#8222;Spenden&#8220;<\/span><\/a><\/p>\n","protected":false},"author":8,"featured_media":0,"parent":0,"menu_order":0,"comment_status":"closed","ping_status":"closed","template":"","meta":{"_price":"","_stock":"","_tribe_ticket_header":"","_tribe_default_ticket_provider":"","_tribe_ticket_capacity":"0","_ticket_start_date":"","_ticket_end_date":"","_tribe_ticket_show_description":"","_tribe_ticket_show_not_going":false,"_tribe_ticket_use_global_stock":"","_tribe_ticket_global_stock_level":"","_global_stock_mode":"","_global_stock_cap":"","_tribe_rsvp_for_event":"","_tribe_ticket_going_count":"","_tribe_ticket_not_going_count":"","_tribe_tickets_list":"[]","_tribe_ticket_has_attendee_info_fields":false,"footnotes":"","_tec_slr_enabled":"","_tec_slr_layout":""},"class_list":["post-686","page","type-page","status-publish","hentry"],"ticketed":false,"_links":{"self":[{"href":"https:\/\/kamenica-musica.de\/index.php\/wp-json\/wp\/v2\/pages\/686","targetHints":{"allow":["GET"]}}],"collection":[{"href":"https:\/\/kamenica-musica.de\/index.php\/wp-json\/wp\/v2\/pages"}],"about":[{"href":"https:\/\/kamenica-musica.de\/index.php\/wp-json\/wp\/v2\/types\/page"}],"author":[{"embeddable":true,"href":"https:\/\/kamenica-musica.de\/index.php\/wp-json\/wp\/v2\/users\/8"}],"replies":[{"embeddable":true,"href":"https:\/\/kamenica-musica.de\/index.php\/wp-json\/wp\/v2\/comments?post=686"}],"version-history":[{"count":1,"href":"https:\/\/kamenica-musica.de\/index.php\/wp-json\/wp\/v2\/pages\/686\/revisions"}],"predecessor-version":[{"id":687,"href":"https:\/\/kamenica-musica.de\/index.php\/wp-json\/wp\/v2\/pages\/686\/revisions\/687"}],"wp:attachment":[{"href":"https:\/\/kamenica-musica.de\/index.php\/wp-json\/wp\/v2\/media?parent=686"}],"curies":[{"name":"wp","href":"https:\/\/api.w.org\/{rel}","templated":true}]}}